late the highest common factor of 32 and v.
4
Suppose b - 1 = 2. Suppose b*x - 2 = 10. Calculate the greatest common factor of x and 2.
2
Suppose -2*z = -0*z - 8. Let p(x) = -x**3 + 3*x**2 + 5*x - 2. Let a be p(z). Suppose 0 = 3*f + a - 32. What is the greatest common factor of f and 2?
2
Suppose 4*o = -0*o + 5*x + 6, 2*x = 4. Let l = 1 + o. Let f = l + 1. Calculate the highest common factor of 4 and f.
2
Let o(h) = 3*h**2 - 2*h + 3. Let m be o(3). Suppose -i - 215 = -4*n + 26, 4*i = 5*n - 304. Calculate the greatest common divisor of n and m.
12
Let g be (-1 - (0 + 0))*15. Let a = 20 + g. Calculate the highest common factor of 5 and a.
5
Let v = -74 + 97. What is the highest common factor of v and 23?
23
Let l = -14 + 18. Suppose -59 = -l*g + 1. What is the greatest common factor of g and 15?
15
Let t = -31 + 58. Calculate the highest common divisor of 18 and t.
9
Suppose p - 176 = -3*p. Calculate the highest common divisor of 11 and p.
11
Let b be (-3)/(-3) - -11 - 3. Let u = 20 - b. What is the greatest common divisor of u and 88?
11
Suppose 5*f - f = h + 38, -f = -3*h - 4. Let p = f - -1. What is the highest common factor of p and 11?
11
Let w be -8*((-1)/(-2) - 1). Suppose -95 = -w*p + 3*v, -4*p - 2*v + 90 = p. What is the greatest common divisor of p and 8?
4
Suppose -2*m = q - 38 - 35, 0 = -2*m + 5*q + 91. Let k = m + -23. What is the greatest common factor of k and 5?
5
Suppose -3*n - 3 = -87. What is the greatest common divisor of 70 and n?
14
Let k = 71 - 66. Calculate the greatest common factor of 55 and k.
5
Let s be 10/4*(-2 - 0). Let q(f) = -f**3 + 11*f**2 + 14*f - 11. Let l be q(12). Let j = l + s. What is the highest common factor of j and 24?
8
Suppose -4*k = -0*k - 128. Let s(o) = o**3 + 12*o**2 + 13*o + 10. Let u be s(-10). Calculate the highest common divisor of k and u.
16
Let q be 2/3*(4 - -5). What is the highest common factor of q and 2?
2
Let d = 50 - 49. Calculate the greatest common divisor of 4 and d.
1
Let t(i) = -i. Let b be t(-2). Suppose 2*s + 82 = 4*o, 5 = b*o - 5*s - 32. Calculate the greatest common factor of o and 147.
21
Let q = 139 - 59. Suppose 0 = 5*t - 0*t - q. What is the highest common divisor of 32 and t?
16
Suppose 5*c - 4*x - 9 = 2*c, -3*x + 37 = 4*c. Let y = 84 - 55. Let l = y - 1. What is the greatest common divisor of l and c?
7
Suppose 0 = -5*i + 4 + 21. Let v be 12/42 + (-66)/(-14). Let l = v - 4. Calculate the highest common factor of i and l.
1
Let t = 29 - -62. What is the greatest common divisor of t and 13?
13
Let m(x) = 11*x. Let n be m(1). Calculate the highest common divisor of 11 and n.
11
Suppose 5*i + 61 = 381. Calculate the greatest common factor of i and 96.
32
Suppose -3*q - 10 = -5*q - 2*p, -4*q - 3*p = -18. Let k be 22 - 1/(q/9). What is the greatest common divisor of 209 and k?
19
Let r be (-6)/6 - -3 - -4. Calculate the highest common divisor of r and 18.
6
Let w be (7 + -1)*(1 + 0). Let c = 30 - -23. Let b = -11 + c. What is the highest common factor of b and w?
6
Let m be (-22 + -2)*3/(-4). What is the highest common divisor of 2 and m?
2
Suppose -2*n + 20 = 3*n. Let i = n + -2. Suppose 0 = -2*w + 5*k + 433, -k + i*k + 212 = w. What is the greatest common factor of w and 19?
19
Let p be (18/(-8))/((-3)/(-8)). Let q(v) = -v**3 - 7*v**2 - 9*v - 5. Let g be q(p). What is the greatest common factor of 91 and g?
13
Let y be (-2768)/(-8) - (-1 + -3). Calculate the greatest common divisor of y and 35.
35
Let s be 1 + 1 - (4 + 0). Let j = s - 1. Let k be 3/j - 0 - -15. What is the greatest common factor of k and 56?
14
Let j(v) = -v + 1. Let t be j(2). Let c = 2 + t. Let q = c - 0. Calculate the greatest common factor of q and 3.
1
Suppose -r - 3 - 13 = 0. Let z be (r/6)/(10/(-15)). Suppose -5*x + 75 = -2*y - 27, -3*x + z*y = -50. What is the greatest common factor of 242 and x?
22
Let l be (-1790)/(-25) - (-2)/5. What is the greatest common factor of 9 and l?
9
Suppose 103 = 8*j - 41. Calculate the highest common factor of j and 117.
9
Let t(f) = -f**3 + 9*f**2 - 7*f - 2. Suppose 16 = 3*j - j. Let m be t(j). Let g be m/(-15) + 96/15. What is the greatest common factor of g and 3?
3
Let i = 1 - 0. Let r = 12 + i. What is the greatest common divisor of r and 91?
13
Let c = 27 + -3. Suppose 2*k + 2*k = 24. Calculate the highest common factor of k and c.
6
Let a = 11 - -1. What is the greatest common divisor of 84 and a?
12
Let f = -14 + 29. Calculate the highest common divisor of f and 165.
15
Let r be 4/(-14) + 142/7. Calculate the highest common divisor of 40 and r.
20
Let g be ((-80)/(-2))/(-2 - 10/(-4)). Calculate the highest common factor of g and 64.
16
Suppose 3*n - 14 = 4*x + n, -10 = -x - 4*n. Let q = x - -4. Suppose -3 = -3*g + 2*v, -g - 3*v + 3 = q*g. Calculate the greatest common factor of 11 and g.
1
Let p = -5 + 9. Let o be (-3 - (-4 + 5)) + 16. Calculate the greatest common factor of p and o.
4
Let z = -181 - -244. Calculate the greatest common factor of z and 18.
9
Let m(k) = 10*k - 24. Let z be m(8). Calculate the highest common divisor of z and 7.
7
Let g be 6/9 - (-1048)/12. Calculate the highest common factor of g and 8.
8
Let m(x) = -x**3 + 4*x**2 + 6*x - 3. Let q be m(5). Let v be (1 + (-3)/q)*-4. What is the highest common divisor of 8 and v?
2
Suppose 4*x - 1 = f + 47, 12 = x - 2*f. Suppose 4*t - 2*y + 2 = 54, 4*y = t - 20. Calculate the highest common factor of t and x.
12
Suppose 0 = -0*m - 4*m + 80. Calculate the highest common factor of 4 and m.
4
Let d be (60/9)/(2/3). Suppose 0*l = -l + d. Calculate the greatest common divisor of 5 and l.
5
Let w(o) = o**2 + 6*o - 11. Let r be (22/(-10))/(1/(-5)). Let p be w(r). Calculate the greatest common factor of 22 and p.
22
Let u = 28 + -10. Suppose -5*p = -7 - u. Suppose 3*r - p*r = -2. What is the highest common divisor of r and 2?
1
Let k(p) = p**3 - 5*p**2 + p - 3. Let l be k(5). Calculate the greatest common factor of 16 and l.
2
Let i = -1 + 2. Suppose -7 = 2*p + 17. Let w be p*-1*(-8)/(-12). Calculate the highest common divisor of i and w.
1
Let g be (-10)/(-2) + (19 - -36). What is the highest common divisor of 210 and g?
30
Let t(s) = 23*s - 1. Let l be t(1). Let b = 10 - 5. Suppose 20 = b*x, -k + 2*x + 35 = -3*x. Calculate the highest common divisor of l and k.
11
Let k(z) = z**3 - 15*z**2 + 16*z + 11. Let s be k(14). Calculate the greatest common divisor of 13 and s.
13
Let l(r) = 2*r**2 - 5*r - 10. Let u be l(-9). Let p = u - 134. What is the greatest common factor of p and 9?
9
Let x(v) = -v**2 - 6*v. Let p be x(-3). Let o(g) = g**2 - 11*g - 3. Let h be o(12). Calculate the greatest common divisor of h and p.
9
Let l = 48 + -18. Calculate the highest common divisor of 6 and l.
6
Let k(s) = -s + 39. Let z be k(0). What is the highest common factor of z and 26?
13
Let s(u) = -u**2 + 7*u - 6. Let v = -8 + 13. Let t be s(v). Suppose 3*q = -t*o + 32, -2*q + 3*o - o = -12. Calculate the greatest common factor of q and 2.
2
Let u = 2 - -13. Let g = -1 - -4. Suppose 4*i + 3*o = 432, 2*o - 11 = -g. What is the highest common factor of i and u?
15
Let f(p) = p**3 - 9*p**2 + 8*p + 19. Let w be f(8). Calculate the highest common factor of w and 133.
19
Let z = -183 + 197. What is the greatest common divisor of 2 and z?
2
Suppose -13*x - 6 = -16*x. Calculate the greatest common factor of x and 8.
2
Suppose 4*y - t = 222, -y + 0*y + 57 = -t. Calculate the greatest common factor of 11 and y.
11
Suppose -3*b + 94 = -3*f + 19, 3 = -3*f. Suppose p + 0*p - b = 0. What is the highest common factor of p and 60?
12
Suppose 0 = -3*h - 3*c + 2*c + 6, 3*h + 3*c = 0. Suppose 0 = 3*n - 6 - 12. Calculate the highest common factor of n and h.
3
Let l(n) = -10*n + 9. Let j be l(6). Let z be 69 + 4 + 3*1. Let s = j + z. Calculate the greatest common divisor of 10 and s.
5
Let p be (-2 + 16)*(-2)/(-4). Suppose -3*y - 2 = -5*y. What is the greatest common divisor of p and y?
1
Let m be (-9)/(-3) + 10 + -1. Let o = 9 + m. Let c(w) = -w**2 + 4*w. Let l be c(3). What is the highest common divisor of o and l?
3
Let t(x) = -7*x**3 - 2*x**2 + 1. Let d be t(-3). Suppose -5*h + d = -308. What is the highest common factor of h and 12?
12
Let l(v) = 4 - v**3 + 1 + 4*v**2 + v - 3*v**2. Let w be l(0). What is the highest common divisor of w